{"id":410,"date":"2024-08-17T08:30:17","date_gmt":"2024-08-17T08:30:17","guid":{"rendered":"https:\/\/rowspirit.com\/?post_type=product&#038;p=410"},"modified":"2026-01-27T10:38:08","modified_gmt":"2026-01-27T10:38:08","slug":"chocolate-hazelnut-muesli-hearts-12-packs","status":"publish","type":"product","link":"https:\/\/rowspirit.com\/?product=chocolate-hazelnut-muesli-hearts-12-packs","title":{"rendered":"Muesli keksi sa lje\u0161njakom i \u010dokoladom 50g"},"content":{"rendered":"","protected":false},"excerpt":{"rendered":"<p>KEKSI SA ZOBENIM PAHULJICAMA OD<br \/>\nCJELOVITOG ZRNA, LJE\u0160NJACIMA I \u010cOKOLADOM 100g<\/p>\n<p>Sastojci: ZOBENE pahuljice od cjelovitog zrna<br \/>\n54, %, \u0161e\u0107er, maslinovo ulje, kokosovo ulje,<br \/>\nekstrudirana ri\u017ea, \u010dokolada 5,3 % (kakaova<br \/>\nmasa, \u0161e\u0107er, kakaov maslac, emulgator:lecitini),<br \/>\npr\u017eeni LJE\u0160NJACI 2,2 %, ri\u017ein sirup, kakaov prah<br \/>\nsmanjene masti 1,1 %, morska sol, aroma. MO\u017dE<br \/>\nSADR\u017dAVATI SOJU, MLIJEKO, DRUGO ORA\u0160ASTO<br \/>\nVO\u0106E I KIKIRIKI.<\/p>\n<p>Spremno za konzumaciju.<\/p>\n<p>Cijena za j.m.: 20,23 \u20ac\/kg<br \/>\nNC 30 dana: 23,80 \u20ac\/kg<\/p>\n","protected":false},"featured_media":865,"template":"","meta":{"site-sidebar-layout":"default","site-content-layout":"","ast-site-content-layout":"default","site-content-style":"default","site-sidebar-style":"default","ast-global-header-display":"","ast-banner-title-visibility":"","ast-main-header-display":"","ast-hfb-above-header-display":"","ast-hfb-below-header-display":"","ast-hfb-mobile-header-display":"","site-post-title":"","ast-breadcrumbs-content":"","ast-featured-img":"","footer-sml-layout":"","theme-transparent-header-meta":"default","adv-header-id-meta":"","stick-header-meta":"default","header-above-stick-meta":"","header-main-stick-meta":"","header-below-stick-meta":"","astra-migrate-meta-layouts":"set","ast-page-background-enabled":"default","ast-page-background-meta":{"desktop":{"background-color":"var(--ast-global-color-4)","background-image":"","background-repeat":"repeat","background-position":"center center","background-size":"auto","background-attachment":"scroll","background-type":"","background-media":"","overlay-type":"","overlay-color":"","overlay-opacity":"","overlay-gradient":""},"tablet":{"background-color":"","background-image":"","background-repeat":"repeat","background-position":"center center","background-size":"auto","background-attachment":"scroll","background-type":"","background-media":"","overlay-type":"","overlay-color":"","overlay-opacity":"","overlay-gradient":""},"mobile":{"background-color":"","background-image":"","background-repeat":"repeat","background-position":"center center","background-size":"auto","background-attachment":"scroll","background-type":"","background-media":"","overlay-type":"","overlay-color":"","overlay-opacity":"","overlay-gradient":""}},"ast-content-background-meta":{"desktop":{"background-color":"var(--ast-global-color-5)","background-image":"","background-repeat":"repeat","background-position":"center center","background-size":"auto","background-attachment":"scroll","background-type":"","background-media":"","overlay-type":"","overlay-color":"","overlay-opacity":"","overlay-gradient":""},"tablet":{"background-color":"var(--ast-global-color-5)","background-image":"","background-repeat":"repeat","background-position":"center center","background-size":"auto","background-attachment":"scroll","background-type":"","background-media":"","overlay-type":"","overlay-color":"","overlay-opacity":"","overlay-gradient":""},"mobile":{"background-color":"var(--ast-global-color-5)","background-image":"","background-repeat":"repeat","background-position":"center center","background-size":"auto","background-attachment":"scroll","background-type":"","background-media":"","overlay-type":"","overlay-color":"","overlay-opacity":"","overlay-gradient":""}}},"product_brand":[],"product_cat":[19,22],"product_tag":[],"class_list":{"0":"post-410","1":"product","2":"type-product","3":"status-publish","4":"has-post-thumbnail","6":"product_cat-muesly-hearts","7":"product_cat-muesly-srca","8":"desktop-align-center","9":"tablet-align-left","10":"mobile-align-center","11":"ast-product-gallery-layout-horizontal-slider","12":"ast-product-tabs-layout-horizontal","14":"first","15":"outofstock","16":"sale","17":"shipping-taxable","18":"purchasable","19":"product-type-simple"},"jetpack_sharing_enabled":true,"_links":{"self":[{"href":"https:\/\/rowspirit.com\/index.php?rest_route=\/wp\/v2\/product\/410","targetHints":{"allow":["GET"]}}],"collection":[{"href":"https:\/\/rowspirit.com\/index.php?rest_route=\/wp\/v2\/product"}],"about":[{"href":"https:\/\/rowspirit.com\/index.php?rest_route=\/wp\/v2\/types\/product"}],"wp:featuredmedia":[{"embeddable":true,"href":"https:\/\/rowspirit.com\/index.php?rest_route=\/wp\/v2\/media\/865"}],"wp:attachment":[{"href":"https:\/\/rowspirit.com\/index.php?rest_route=%2Fwp%2Fv2%2Fmedia&parent=410"}],"wp:term":[{"taxonomy":"product_brand","embeddable":true,"href":"https:\/\/rowspirit.com\/index.php?rest_route=%2Fwp%2Fv2%2Fproduct_brand&post=410"},{"taxonomy":"product_cat","embeddable":true,"href":"https:\/\/rowspirit.com\/index.php?rest_route=%2Fwp%2Fv2%2Fproduct_cat&post=410"},{"taxonomy":"product_tag","embeddable":true,"href":"https:\/\/rowspirit.com\/index.php?rest_route=%2Fwp%2Fv2%2Fproduct_tag&post=410"}],"curies":[{"name":"wp","href":"https:\/\/api.w.org\/{rel}","templated":true}]}}